. Give a(n).
7
Let g = 31 + -6. Suppose -g = 5*l + 5*i, 3*l + 8 = -5*i - 5. Let t(p) = -p**2 - 5*p - 7. Calculate t(l).
-13
Let z(p) be the second derivative of -1/3*p**3 + 1/20*p**5 + 0 - 8*p + 1/2*p**4 - 1/2*p**2. Determine z(-6).
11
Let p(i) = -206*i + 106*i - 6 + 102*i. Let v be 3/1*1 + 1. Calculate p(v).
2
Suppose -2*s + 3*h - 1 = 0, 4*s = -5*h - 5 - 8. Let o be ((-1)/s)/((-3)/6). Let d(m) = -5*m + 3*m + 3*m + 8*m**2. Calculate d(o).
7
Let v(q) = -2*q - 4. Let i(l) = -2*l - 3. Let t(n) = 4*i(n) - 3*v(n). Calculate t(-2).
4
Let h(t) = t**3 + 5*t**2 + 4*t - 1. Let v be h(-4). Let x be (-2 - -1)/(v/2). Let y(b) = -2*b + 3 - 3*b + 2*b + b**x. What is y(4)?
7
Let h be 77/99 + 4/18. Let t be 0/h*(-1)/(-2). Let r(q) = -q**2 - q + 4. Give r(t).
4
Suppose -2*f = -34 + 44. Let x(i) = i + 4. Give x(f).
-1
Let t(y) = 2*y - 1. Suppose 5*c = -p - 20, -4*c - p - 5 = 12. Let v(r) = -r - 5. Let d(k) = -k - 10. Let n(z) = c*d(z) + 5*v(z). Let q be n(4). Give t(q).
-7
Let g(i) = -4*i. Let c be (-42)/6 - -8 - 0/1. Give g(c).
-4
Let a(t) = -t**3 + t**2 + t + 1. Let f be a(-1). Let w(p) = -7*p**3 + 2 + 2*p**2 + 6*p**3 - p - f*p**2. Determine w(2).
-8
Suppose -6 = -3*b + 3. Suppose 0 = -5*z + b + 7. Let l(r) be the third derivative of -r**6/120 + r**5/30 - r**4/24 + r**3/6 - 2*r**2. Calculate l(z).
-1
Suppose -2*j = -g + 6, 2*j - 6 = -4*g + 3*g. Let u(d) = 2*d - 5. Give u(g).
7
Suppose -7*m + 5*m + 36 = 0. Suppose -3*o - m = -3*c, 5*o - 4*o + 3 = 0. Let w(u) = u**2 - 2*u - 2. Let s be w(c). Let i(r) = 5*r. Calculate i(s).
5
Suppose 2*g + 4*w - 26 = 0, -4*g + 22 = -2*g + 3*w. Suppose 2*y = -3*y - 3*m, -2*y + g*m = 0. Let a(p) = p**3 + p + 6. Determine a(y).
6
Suppose -5*w + 10 + 22 = -4*g, 0 = 4*w - 5*g - 31. Let r(p) = -68 + 35 + 34 + p**2 - 6*p. Calculate r(w).
-7
Let b(w) = -w**3 - 5*w**2 - 5*w + 1. Suppose -2*x - 24 + 2 = 5*m, -3*m - 5*x - 17 = 0. Determine b(m).
5
Suppose 0 = 4*i - 10 - 2. Let b(p) = p**2 - 3*p + 4. Give b(i).
4
Let y(u) = -u + 4. Suppose 0 = -3*q - 3*l - 3, 5*q + 5*l + 9 = l. Give y(q).
9
Let s(h) be the first derivative of -h**2 + h + 4/3*h**3 - 3. What is s(1)?
3
Let v(p) = p - 2*p + 4 + p**2 - 2. Let f be 60/24*(0 + 2). Let k be 0/(f - 6/2). Give v(k).
2
Suppose 0 = -4*d + 4*b + b + 21, -2*d - 4*b = -4. Suppose 8 = -4*n, -d*o - n = -o - 13. Let x(f) = f - 7. Calculate x(o).
-2
Let r(x) = x**2 - 8*x - 2. Let h(p) = 2*p**2 - 17*p - 5. Let i(z) = -2*h(z) + 5*r(z). What is i(5)?
-5
Let j(w) = 4*w - 4*w - w + 1. Suppose b = -5*x - 4*b - 45, 35 = -5*x - 3*b. Determine j(x).
5
Let n(s) be the third derivative of 0*s + 0 - 1/8*s**4 + s**2 - s**3. What is n(-5)?
9
Suppose 3 = -4*d + 5*d. Suppose 6*o + 12 = d*o. Let i(z) = -2*z + 5. What is i(o)?
13
Let n(u) be the first derivative of -5*u + 1/2*u**2 - 1. Let p be ((-24)/(-9))/(0 + 4/6). Determine n(p).
-1
Let d(k) = 3 + 4 + 3*k - k. Determine d(-6).
-5
Let i be ((-3)/4)/(2/(-8)). Let f(m) = 4*m - 2*m**2 + i*m**2 - 4*m - 3*m - 5. Suppose 3*s - 2*v - 6 = 16, 0 = -5*s - 4*v. Calculate f(s).
-1
Let m(q) be the third derivative of q**5/60 + q**4/24 + q**2. Let w = -17 - -14. Calculate m(w).
6
Let v = 46 + -46. Let i(d) be the second derivative of -1/12*d**4 - 2/3*d**3 - 3*d + v - d**2. Give i(-5).
-7
Let i(l) = l**2 - 7*l + 8. Let y = 2 - -5. Give i(y).
8
Let n(m) be the first derivative of -m**5/60 + m**4/3 - 4*m**3/3 + m**2/2 + 1. Let s(i) be the second derivative of n(i). Give s(6).
4
Let w(a) be the third derivative of 1/60*a**5 + 0*a + a**2 + 1/6*a**3 + 0 + 0*a**4. Let x be (4 - 9)*(-2)/(-2) + 3. Give w(x).
5
Let s(d) = -2*d + 0 + 2*d + 3*d - 6. Let o be (-1)/((6/8)/(-3)). Determine s(o).
6
Let v(n) = -n**2 - n - 2. Let b be v(-2). Let f(c) = 1 - 5*c - c**2 + 0*c**2 + 0*c. What is f(b)?
5
Let q be (1 - -7)/2*-1. Let i be -1 - -2 - q - 1. Let m(r) = r**2 - 6*r + 3. Give m(i).
-5
Let z be (-2)/(-8)*3 + 1/4. Let w(r) = -3*r**2 + 2*r - 1. Give w(z).
-2
Suppose -4*t = -2*t. Let b(v) = -1 + t + v**2 + v + 5*v**3 + 0*v + 2. What is b(-1)?
-4
Let c(q) = q - 5. Suppose 5*k - 12 = 3*k. Determine c(k).
1
Let g(l) = -l**3 - 6*l**2 - 3*l + 3. Suppose 5 - 10 = c. Determine g(c).
-7
Let a(b) = b**3 + 0*b**2 + 5*b**2 + b + 7 - 4 - 2*b**2. Let n be a(-3). Let i = n - -4. Let f(v) = v**3 - 3*v**2 - 4*v + 4. What is f(i)?
4
Suppose 4*q - 8 = 16. Let a(d) = 2 - d - d**2 + d + q*d - 2*d. Determine a(4).
2
Let r(c) = -14*c + 2 + 11*c - c**2 + 9*c + 4. Give r(5).
11
Let j(x) = x - 6. Let p be (12/(-15))/((-4)/10). Suppose p*k = -k. Determine j(k).
-6
Let i = 24 - 24. Let x = -5 + 6. Let g(r) = 2*r + x + 3 - r. Give g(i).
4
Let p(h) = -60*h + 32*h + 6 + 24*h + h**2. Let b(a) = 4*a**3 + a**2 - 1. Let n be b(1). What is p(n)?
6
Let t(y) = 3*y - 8. Let a(m) = 4*m + 22. Let h(n) = -3*n - 21. Let j(z) = 5*a(z) + 6*h(z). Let r be j(11). Calculate t(r).
10
Let w(s) = s + 6. Let y be w(-7). Let o(u) = 6*u - 2. Let j(n) = -n**2. Let h(a) = y*j(a) - o(a). What is h(6)?
2
Let g(c) = -c - 2. Let m(j) = 6*j - 1 + 3 - 5*j. Let b = 15 + -9. Let h(d) = b*m(d) + 7*g(d). Determine h(0).
-2
Let k(d) = -3*d**2 - d. Let v = -97 + 19. Let i be (-2)/3 + v/(-9). Suppose 0 = 5*u - j + 10, 0 = -4*u + u + j - i. Calculate k(u).
-2
Suppose 2*a + 13 = t - a, 0 = -5*t + 3*a + 5. Let g(n) = -3*n + 0*n**3 - n**3 - 3*n**2 + 0*n**2 + n. What is g(t)?
0
Let x be 4/3*33/22. Let s(n) = -3 + 0 + 1 + x*n - n**2 + 6. Determine s(3).
1
Let z be 39/(-33) - (-2)/11. Let k(c) = -2*c + 3*c + 2*c. Give k(z).
-3
Let t(o) = 14*o**2 + 3*o + 2. Let c(x) = -14*x**2 - 4*x - 3. Let j(r) = -3*c(r) - 4*t(r). What is j(-1)?
-13
Let c be 5 + (-2 - -2) + -2. Let m(f) = -4*f**3 - 3*f**2 + 8*f + 1. Let d(q) = -3*q**3 - 3*q**2 + 7*q. Let z(b) = 5*d(b) - 4*m(b). Calculate z(c).
5
Let x(o) be the first derivative of -5*o**2/2 + 2*o - 16. Calculate x(2).
-8
Let x(z) be the first derivative of -z**5/120 - z**4/6 + 2*z**3/3 - 4. Let c(h) be the third derivative of x(h). What is c(-3)?
-1
Let n(m) be the second derivative of m**4/12 + m**3 - m**2 - 19*m. Let y be 13/(-3) + (-2)/3. Calculate n(y).
-7
Let g = 49 - 47. Let a(s) = -3*s**2 - 2*s + 1. Determine a(g).
-15
Let t = -1 - -12. Suppose 3*n = -2*p + t, 16 = 2*n - 0*n - 3*p. Let o(l) = -n + 1 + l**2 + 0*l**2 - 4*l + 0*l**2. Calculate o(4).
-4
Let c(q) = q + 14*q - 3 - 4*q**2 - 5*q**2 + 0*q**2. Let t(y) = -4*y**2 + 7*y - 2. Let s(f) = 3*c(f) - 7*t(f). Suppose 0 = j + 3*j - 16. Give s(j).
5
Let p(n) be the first derivative of n**2/2 - 1. Suppose 10 = 2*f, 24 = -0*z - 3*z + 3*f. What is p(z)?
-3
Let y(m) = -3*m - 1. Let n be y(-4). Let v = n - 12. Let b(s) = 5*s**2 - 1. Determine b(v).
4
Let p(i) be the third derivative of -i**8/6720 + i**7/504 - i**6/180 - i**5/120 + i**4/8 + i**2. Let l(r) be the second derivative of p(r). What is l(4)?
-1
Let m(w) = -w**3 + 4*w**2 + 7*w - 7. Let d(f) = -f**2 - 8*f - 2. Let r be d(-7). Give m(r).
3
Let n(d) = -d**2 + 1. Let a = 6 + -8. Let p(z) = z**2 + 6*z - 6. Let m(b) = a*n(b) - p(b). Calculate m(4).
-4
Let n(d) be the first derivative of d**3/3 - 2*d**2 - 7*d - 38. What is n(5)?
-2
Let r(v) be the second derivative of v**5/20 - v**4/4 + v**3/3 + v**2/2 - 3*v. Let q = 23 - 21. Calculate r(q).
1
Let x(l) = -2*l**3 - 2*l**2 - 6. Let k(n) = n**3 + n**2 + 1. Let c(y) = -k(y) - x(y). Determine c(0).
5
Let k(q) = -4*q + 4. Let n = 2 + -3. Let o(u) = -u. Let h(c) = n*k(c) + 2*o(c). Give h(5).
6
Let x(o) = -o**3 + 2*o**2 - 8*o - 10. Let p(s) = -2*s**3 + 4*s**2 - 17*s - 22. Let g(i) = -6*p(i) + 13*x(i). Determine g(2).
-2
Let r be 12/15*5*4. Suppose r = 4*f - 8. Let p(d) = d**3 - 5*d**2 - 8*d + 9. What is p(f)?
-3
Let v(o) = o - 3. Suppose 8*j = 71 - 7. Let c(y) = -5*y**2 - 3*y + 2. Let q(x) = x**2 - x + 1. Let m(k) = -c(k) - 6*q(k). Let s be m(j). Calculate v(s).
-3
Let w(q) = q**3 + 3*q**2 + 1. Let m(f) = -f**2 - 8*f - 3. Let b be m(-7). Let i = 1 - b. Determine w(i).
1
Let v(i) = 6*i + 27. Let l(r) = -2*r - 9. Let k(g) = 17*l(g) + 6*v(g). Let s(c) = c**2 + 12*c - 19. Let u be s(-13). Determine k(u).
-3
Let p = -529 + 534. Let c(a) = 2*a**3 - 3*a**3 - a + 7 + 4*a + 4*a**2. Give c(p).
-3
Let q(u) = -u**2 + 2*u + 2. Let d be q(3). Let y = -2 + d. Let h(r) = -r - 7. Determine h(y).
-4
Let s(v) = v - 2. Let y(w) = w**2 + 7*w + 8. Let d be y(-6). Suppose -d*p - 8 = 4*i - 6*i, 3*p = -i - 12. Determine s(